base 14) to base 6.
1442320
What is -1011000001010001001 (base 2) in base 3?
-200100022222
-1882745 (base 9) to base 3
-1222202211112
1809891 (base 10) to base 11
1026886
Convert 311457 (base 9) to base 3.
100101111221
-2499973 (base 11) to base 13
-b88b76
Convert c22a7 (base 15) to base 9.
1136374
-146214165 (base 7) to base 5
-10002133400
Convert 6882a (base 11) to base 14.
2838a
98692 (base 16) to base 3
1011201100021
What is -21011222000201 (base 3) in base 8?
-16440500
What is 9a66b (base 15) in base 4?
1313311022
10110010110110101 (base 2) to base 4
112112311
-1b6e14 (base 16) to base 10
-1797652
What is -221010222221202 (base 3) in base 9?
-27128852
What is -12021100211 (base 3) in base 15?
-20b3d
17db2 (base 14) to base 12
2aab4
What is 35270 (base 10) in base 14?
cbd4
What is -545a89 (base 11) in base 14?
-1899c1
-405646 (base 7) to base 4
-100322113
Convert 747c9 (base 15) to base 2.
1011010001111100111
-1441634 (base 9) to base 16
-c21f7
22630521 (base 8) to base 5
2230142300
What is 10111010101011101011111 (base 2) in base 15?
80c795
Convert -262197 (base 12) to base 4.
-2120302003
What is 7cc2a (base 16) in base 11?
319a32
Convert -62542244 (base 7) to base 6.
-304550455
What is -12a3a5 (base 11) in base 13?
-71ba8
-74453 (base 9) to base 7
-263325
Convert b2404 (base 14) to base 3.
210210021102
What is -2ef7f8 (base 16) in base 2?
-1011101111011111111000
Convert -762144 (base 8) to base 14.
-68d5a
What is -372167 (base 8) in base 2?
-11111010001110111
2112672 (base 10) to base 13
58c803
-13312032230 (base 4) to base 14
-3b7980
Convert 211303 (base 10) to base 7.
1540021
Convert -10030222 (base 5) to base 3.
-11001211021
What is -8ce10 (base 15) in base 3?
-211210110020
2230003130 (base 4) to base 15
ddc22
What is -110220202002 (base 3) in base 13?
-8b946
-2310132311 (base 4) to base 8
-2643665
Convert 24542131 (base 6) to base 12.
321947
-3935748 (base 11) to base 8
-31777603
Convert -363567 (base 14) to base 5.
-433301041
Convert -1222131131 (base 4) to base 7.
-3464213
203570 (base 10) to base 3
101100020122
Convert -6365400 (base 7) to base 12.
-313160
Convert -492fa9 (base 16) to base 7.
-55524316
What is 1707ae (base 15) in base 10?
1115489
Convert 1517897 (base 10) to base 7.
15621233
-1101031032 (base 4) to base 9
-556240
What is 136411 (base 10) in base 8?
412333
What is -3503093 (base 10) in base 7?
-41530046
Convert a80b8a (base 13) to base 2.
1111000010101111011111
Convert 12300030 (base 6) to base 2.
1100000110100110010
-1674340 (base 9) to base 15
-136edc
Convert -100000011100110011 (base 2) to base 15.
-295b0
Convert -83220 (base 10) to base 3.
-11020011020
What is -571432 (base 10) in base 12?
-236834
343f0 (base 16) to base 15
4361a
What is -8177731 (base 9) in base 11?
-250a429
-33233033123 (base 4) to base 13
-b15b25
Convert 597897 (base 10) to base 7.
5040066
What is 985475 (base 12) in base 5?
1104232211
42565316 (base 7) to base 15
4ba75b
23132320 (base 4) to base 2
1011011110111000
What is 16b064 (base 16) in base 14?
2a9c68
1172681 (base 9) to base 6
21403414
428aa (base 14) to base 4
213101212
Convert -2514441 (base 8) to base 5.
-134211221
Convert -4158320 (base 12) to base 5.
-11122420403
-3eb446 (base 16) to base 6
-224024530
Convert 82552 (base 10) to base 4.
110021320
Convert -40af4 (base 16) to base 11.
-171072
11d048 (base 16) to base 4
10131001020
What is -301255010 (base 6) in base 7?
-61264641
-206025 (base 9) to base 16
-1de7f
200223303100 (base 4) to base 7
132553432
Convert 1c223 (base 15) to base 6.
1544040
-101000002020 (base 3) to base 12
-95b36
Convert 3453450 (base 7) to base 12.
18aa00
-774356 (base 9) to base 6
-13525040
What is -131300402 (base 5) in base 15?
-cc952
What is -141245 (base 6) in base 2?
-11001111011101
11010112 (base 4) to base 8
50426
What is 13423313 (base 5) in base 6?
2552252
1001000022111111 (base 3) to base 15
1490c64
What is 1011011011000011100001 (base 2) in base 3?
12122010112202
Convert 101001001000101011 (base 2) to base 11.
105654
Convert cc737 (base 16) to base 15.
1181db
Convert -196870 (base 13) to base 16.
-9cf97
What is 15025124 (base 6) in base 4?
1332031030
Convert -3506626 (base 7) to base 4.
-1223100322
158738 (base 10) to base 8
466022
What is 100101111011100101 (base 2) in base 6?
3155141
Convert -1011001110110000001 (base 2) to base 4.
-1121312001
Convert -faf55 (base 16) to base 3.
-1221020001022
4234017 (base 8) to base 13
30683b
809fc (base 16) to base 9
882622
What is 425245 (base 6) in base 4?
20200331
What is -443121104 (base 5) in base 8?
-7262404
9edc (base 16) to base 3
2001210020
Convert 3233332 (base 4) to base 12.
8a7a
-10431 (base 13) to base 16
-725d
1bda36 (base 15) to base 6
45111310
Convert 266e60 (base 15) to base 16.
1c2ae6
What is 3024102001 (base 5) in base 11?
3484138
What is -b8bc (base 13) in base 12?
-12a36
Convert -7b4da9 (base 15) to base 12.
-1b80050
What is -4517667 (base 8) in base 12?
-4aa3b3
Convert -99686 (base 11) to base 14.
-3a984
Convert 1c695 (base 14) to base 12.
36063
-44197 (base 11) to base 7
-354632
-4443240 (base 5) to base 11
-5361a
Convert -101010011001010101100 (base 2) to base 10.
-1389228
22010120122 (base 3) to base 12
78775
Convert -2275837 (base 9) to base 12.
-4b462a
What is 124424140 (base 5) in base 8?
2302066
What is -21211101200 (base 3) in base 11?
-a5868
Convert -628978 (base 15) to base 7.
-54556445
Convert -1001100110111001110010 (base 2) to base 8.
-11467162
1233014 (base 6) to base 9
111511
1bd894 (base 16) to base 15
260ab1
10304241 (base 9) to base 3
100100011021101
What is -111001010001100111 (base 2) in base 3?
-102220210212
Convert -10221032130 (base 4) to base 3.
-2021212000020
-21122001121 (base 3) to base 12
-72b21
-144303 (base 6) to base 9
-21103
What is 213100030302 (base 4) in base 2?
100111010000001100110010
What is -1c614 (base 16) in base 13?
-40bab
Convert -31104524 (base 6) to base 4.
-3122211010
What is 8c10b (base 15) in base 9?
748382
What is 198c12 (base 15) in base 16?
12fe2d
What is -1101110010100001000010 (base 2) in base 9?
-6718488
What is -534605 (base 7) in base 13?
-3339b
Convert -30222310 (base 4) to base 3.
-2122011221
4351652 (base 7) to base 16
824c0
What is -30023214 (base 5) in base 15?
-49e24
-75305 (base 15) to base 3
-200220012012
What is -1c1b9 (base 14) in base 8?
-214027
-182207 (base 10) to base 6
-3523315
What is 45429 (base 14) in base 16?
2910d
What is -2dca2 (base 16) in base 11?
-118a04
What is 81882 (base 9) in base 7?
313154
Convert -b34987 (base 16) to base 8.
-54644607
-304031131 (base 5) to base 6
-42300052
What is -1010100001102 (base 3) in base 4?
-2101301201
11100001010001010 (base 2) to base 16
1c28a
What is -985420 (base 10) in base 12?
-3b6324
What is -100111100010000100 (base 2) in base 12?
-79858
Convert -21de8 (base 16) to base 14.
-387b2
What is b1b11 (base 13) in base 15?
64461
What is -a7b7 (base 13) in base 6?
-255515
What is 2253002 (base 6) in base 4?
130110122
What is 123203300 (base 4) in base 5?
12103010
What is -23693 (base 12) in base 2?
-1011101000001111
Convert 50588 (base 14) to base 7.
1433131
627542a (base 11) to base 10
11061126
2391383 (base 11) to base 14
7a3d89
Convert 44363247 (base 8) to base 6.
540535235
Convert 18381a (base 11) to base 5.
33030121
Convert 29a608 (base 11) to base 8.
1621713
Convert 4e624 (base 15) to base 14.
67742
Convert 17de41d (base 15) to base 16.
109b1c9
What is 10504b (base 16) in base 3?
2000022120110
-126248 (base 11) to base 5
-22323423
What is -1614566 (base 7) in base 14?
-5b16d
Convert -54532505 (base 6) to base 11.
-a13456
What is 2fae8 (base 16) in base 8?
575350
What is 213213212303 (base 4) in base 15?
da2448
-268149 (base 11) to base 6
-13004002
Convert 55958 (base 13) to base 4.
211323320
What is -2011021111200 (base 3) in base 7?
-12515163
What is -11122323 (base 6) in base 8?
-1223153
What is -311b77 (base 15) in base 12?
-947134
-1231213113 (base 4) to base 10
-448983
Convert -1637080 (base 10) to base 15.
-2250da
Convert c5655 (base 16) to base 8.
3053125
What is 20430053 (base 6) in base 14?
116b29
-1060b (base 16) to base 15
-14d23
What is 69a03 (base 14) in base 6?
5302311
What is -3032243110 (base 5) in base 12?
-2079a37
Convert 1ca41 (base 16) to base 8